, 7, 24373
List the prime factors of 4788029.
157, 30497
List the prime factors of 104918.
2, 11, 19, 251
What are the prime factors of 158141?
158141
What are the prime factors of 847124?
2, 211781
List the prime factors of 411367.
11, 37397
List the prime factors of 11508155.
5, 53, 43427
What are the prime factors of 6258445?
5, 41, 30529
List the prime factors of 3072759.
3, 199, 5147
List the prime factors of 11918481.
3, 53, 74959
What are the prime factors of 237143?
237143
List the prime factors of 1242088.
2, 17, 9133
List the prime factors of 776419.
7, 110917
List the prime factors of 6713605.
5, 937, 1433
What are the prime factors of 356344?
2, 44543
What are the prime factors of 201871?
23, 67, 131
What are the prime factors of 4204191?
3, 383, 3659
What are the prime factors of 2578184?
2, 7, 6577
List the prime factors of 1909680.
2, 3, 5, 73, 109
What are the prime factors of 5419196?
2, 97, 13967
List the prime factors of 6356972.
2, 79, 20117
What are the prime factors of 2752004?
2, 397, 1733
What are the prime factors of 1394286?
2, 3, 232381
What are the prime factors of 3163088?
2, 17, 29, 401
List the prime factors of 6960921.
3, 11, 37, 5701
What are the prime factors of 1241088?
2, 3, 101
List the prime factors of 8037272.
2, 1004659
What are the prime factors of 3967078?
2, 41, 101, 479
What are the prime factors of 1454698?
2, 7, 29, 3583
List the prime factors of 3059932.
2, 17, 2647
List the prime factors of 577991.
179, 3229
What are the prime factors of 7716300?
2, 3, 5, 17, 89
List the prime factors of 2252117.
7, 193, 1667
List the prime factors of 6235507.
23, 271109
What are the prime factors of 274102?
2, 31, 4421
List the prime factors of 3118207.
3118207
What are the prime factors of 6820987?
37, 184351
What are the prime factors of 1952391?
3, 7, 239, 389
List the prime factors of 9790788.
2, 3, 7, 16651
List the prime factors of 30593296.
2, 43, 53, 839
What are the prime factors of 668914?
2, 19, 29, 607
List the prime factors of 74252.
2, 19, 977
List the prime factors of 278139.
3, 23, 29, 139
What are the prime factors of 41956?
2, 17, 617
What are the prime factors of 1748138?
2, 7, 23, 61, 89
List the prime factors of 20910362.
2, 11, 149, 6379
List the prime factors of 605868.
2, 3, 29, 1741
List the prime factors of 685260.
2, 3, 5, 47
What are the prime factors of 248354?
2, 23, 5399
What are the prime factors of 1261305?
3, 5, 9343
What are the prime factors of 1222940?
2, 5, 47, 1301
List the prime factors of 1265.
5, 11, 23
What are the prime factors of 610075?
5, 23, 1061
List the prime factors of 1197491.
61, 67, 293
What are the prime factors of 1872294?
2, 3, 97, 3217
List the prime factors of 8548171.
8548171
List the prime factors of 14338639.
7, 181, 11317
List the prime factors of 236338.
2, 118169
List the prime factors of 14106137.
139, 101483
What are the prime factors of 955403?
107, 8929
List the prime factors of 19922929.
13, 17, 90149
List the prime factors of 113359.
113359
What are the prime factors of 486969?
3, 7, 23189
What are the prime factors of 506731?
506731
List the prime factors of 38931.
3, 19, 683
List the prime factors of 17482737.
3, 23, 29, 8737
List the prime factors of 12258106.
2, 7, 875579
What are the prime factors of 133341?
3, 13, 263
What are the prime factors of 1036440?
2, 3, 5, 2879
What are the prime factors of 24528399?
3, 7, 17, 127, 541
What are the prime factors of 506391?
3, 23, 41, 179
List the prime factors of 9501041.
11, 233, 337
What are the prime factors of 468982?
2, 227, 1033
What are the prime factors of 452765?
5, 83, 1091
List the prime factors of 363952.
2, 23, 43
List the prime factors of 2592169.
23, 43, 2621
List the prime factors of 1075462.
2, 269, 1999
What are the prime factors of 2042131?
7, 13, 22441
What are the prime factors of 721398?
2, 3, 120233
What are the prime factors of 2753952?
2, 3, 28687
What are the prime factors of 109852?
2, 29, 947
List the prime factors of 329512.
2, 41189
What are the prime factors of 34036207?
34036207
What are the prime factors of 2556275?
5, 102251
What are the prime factors of 451479?
3, 7, 21499
List the prime factors of 182027.
182027
What are the prime factors of 2763027?
3, 17, 18059
What are the prime factors of 2869390?
2, 5, 43, 6673
List the prime factors of 182890.
2, 5, 18289
What are the prime factors of 3260514?
2, 3, 19, 37, 773
What are the prime factors of 1043362?
2, 29, 17989
List the prime factors of 1987951.
7, 19, 14947
List the prime factors of 2778229.
29, 95801
List the prime factors of 12121617.
3, 71, 56909
List the prime factors of 2559963.
3, 7, 139, 877
List the prime factors of 6883664.
2, 211, 2039
What are the prime factors of 3722163?
3, 37, 33533
List the prime factors of 12517151.
17, 167, 4409
List the prime factors of 887105.
5, 177421
List the prime factors of 17130658.
2, 109, 179, 439
List the prime factors of 43618.
2, 113, 193
List the prime factors of 482867.
7, 11, 6271
What are the prime factors of 126516?
2, 3, 13, 811
What are the prime factors of 15638063?
7, 2234009
What are the prime factors of 13366067?
11, 13, 151, 619
List the prime factors of 27333014.
2, 13666507
What are the prime factors of 4754742?
2, 3, 227, 3491
What are the prime factors of 673778?
2, 7, 17, 19, 149
List the prime factors of 5032286.
2, 7, 359449
What are the prime factors of 3221252?
2, 805313
What are the prime factors of 583592?
2, 72949
List the prime factors of 23668809.
3, 7889603
List the prime factors of 1520457.
3, 31, 16349
List the prime factors of 179183.
59, 3037
List the prime factors of 109580.
2, 5, 5479
List the prime factors of 19738727.
113, 174679
What are the prime factors of 366782?
2, 13, 14107
What are the prime factors of 6119559?
3, 679951
What are the prime factors of 133705?
5, 11, 13, 17
What are the prime factors of 68289?
3, 13, 17, 103
List the prime factors of 1834248.
2, 3, 13, 5879
List the prime factors of 426285.
3, 5, 9473
List the prime factors of 10245758.
2, 29, 176651
List the prime factors of 786711.
3, 262237
What are the prime factors of 992330?
2, 5, 99233
What are the prime factors of 18546102?
2, 3, 37, 27847
What are the prime factors of 831870?
2, 3, 5, 13, 79
What are the prime factors of 112395?
3, 5, 59, 127
What are the prime factors of 691923?
3, 19, 61, 199
What are the prime factors of 220244?
2, 55061
What are the prime factors of 183011?
23, 73, 109
What are the prime factors of 640608?
2, 3, 6673
What are the prime factors of 5270214?
2, 3, 53, 16573
What are the prime factors of 27061324?
2, 2081, 3251
What are the prime factors of 5743602?
2, 3, 106363
What are the prime factors of 1246474?
2, 17, 61, 601
List the prime factors of 1270088.
2, 158761
List the prime factors of 5940545.
5, 13, 91393
What are the prime factors of 1833645?
3, 5, 11, 11113
What are the prime factors of 199245?
3, 5, 37, 359
What are the prime factors of 642067?
19, 47, 719
What are the prime factors of 3759794?
2, 1879897
List the prime factors of 6820353.
3, 587, 1291
List the prime factors of 486974.
2, 243487
What are the prime factors of 5091218?
2, 11, 231419
List the prime factors of 261773.
261773
What are the prime factors of 11288480?
2, 5, 7, 10079
List the prime factors of 1813153.
373, 4861
What are the prime factors of 183049?
163, 1123
What are the prime factors of 11725541?
29, 43, 9403
List the prime factors of 3119488.
2, 24371
What are the prime factors of 981989?
379, 2591
List the prime factors of 936849.
3, 312283
What are the prime factors of 315152?
2, 19697
List the prime factors of 345083.
17, 53, 383
What are the prime factors of 16478864?
2, 1029929
List the prime factors of 1092315.
3, 5, 7, 101, 103
List the prime factors of 901184.
2, 14081
List the prime factors of 109570.
2, 5, 10957
What are the prime factors of 1644941?
113, 14557
What are the prime factors of 37669799?
19, 83, 23887
List the prime factors of 727392.
2, 3, 7577
List the prime factors of 122546.
2, 71, 863
List the prime factors of 115589.
115589
List the prime factors of 8592594.
2, 3, 89, 16091
List the prime factors of 12721651.
12721651
List the prime factors of 68605.
5, 13721
List the prime factors of 387653.
